-12*z + 8*z - 8. Let q(y) = -19*y - 2. Let b be q(z). Suppose 4*d = 4*t - b, -t - 2*d - 31 = -4*t. What are the prime factors of t?
13
Let w(l) = 42*l**2 - 49*l - 234. What are the prime factors of w(-8)?
2, 1423
Let m = 38 + -37. What are the prime factors of (0 + (m - 133))*(-27)/54?
2, 3, 11
Let y(m) = 6*m - 6. Let x be y(4). Let d = -14 + 20. Suppose -4*g + d*g - x = 0. What are the prime factors of g?
3
What are the prime factors of 5 - (-739)/3*(15 - 12)?
2, 3, 31
Let i = 4740 - 3128. What are the prime factors of i?
2, 13, 31
Let z = 100 + -67. Suppose 7*k - z = 4*k. Suppose -k = -3*i + 43. What are the prime factors of i?
2, 3
Suppose 14*f - 16864 = -2780. List the prime factors of f.
2, 503
List the prime factors of 9 - 43072/(-8) - 0/1.
5393
Let h(y) = y**3 + 27*y**2 + 23*y + 71. What are the prime factors of h(-12)?
5, 17, 23
Suppose -5 - 25 = -2*n. Suppose -115 = 5*w - 5*o, 2*o - 5*o = -n. What are the prime factors of (-2)/3 + (-138)/w?
7
Let a(j) = -j**3 + 8*j**2 - 8*j + 9. Let f be a(7). Suppose -f*n - 141 = -6*n - 5*o, -4*o + 27 = n. What are the prime factors of n?
3, 13
Suppose 3*u - b - 1574 = 0, -b = 2*u + 4*b - 1021. Suppose -7*g + 1244 = u. What are the prime factors of g?
103
Suppose -3*k - 2*n + 9098 = -k, -3*k + 4*n + 13654 = 0. List the prime factors of k.
2, 5, 7, 13
Let g = -22 - -49. Suppose -g + 30 = h. Suppose -8*j + h*j = -140. List the prime factors of j.
2, 7
Suppose 5*w + d - 3059 = 0, 5*w + d - 3056 = -3*d. What are the prime factors of w/20 - (-10)/25?
31
Let v(t) = 72*t**3 - 2*t**2 + 2*t - 1. Let u be v(1). Suppose u = 5*w - 79. Suppose -4*s + w = 2*p, 5*s + 0*p - 45 = -p. What are the prime factors of s?
2, 5
Suppose 4*f + 6 = -14, -g = -3*f - 3757. What are the prime factors of g?
2, 1871
List the prime factors of 6 - ((-2850)/(-40))/(12/(-224)).
2, 167
Suppose 0 = -3*l - m + 370, 5*m = 5 - 0. List the prime factors of l.
3, 41
Suppose 4*a = 16, a + 1718 = 2*r + 432. What are the prime factors of r?
3, 5, 43
Suppose -2*p = -11 - 7. Let y be (-3 - (-11 + 1))/1. Let t = p + y. What are the prime factors of t?
2
Suppose 8*a - 7*a = -19. Let q = a + 31. List the prime factors of q.
2, 3
Let j(u) = u**2 + 6*u + 42. Let s be j(19). Let i = -332 + s. List the prime factors of i.
5, 37
Suppose -374 - 74 = -4*k. Suppose 5*g - g - k = 0. Suppose -12 = -2*l + g. What are the prime factors of l?
2, 5
Let k(f) = -125*f + 57. List the prime factors of k(-4).
557
What are the prime factors of (13436/28 - 3/(-21))/1?
2, 3, 5
Suppose 3*v - 4154 = b, 6*b - 4*b + 2776 = 2*v. What are the prime factors of v?
3, 461
Let b(h) = -h**3 - 21*h**2 + 2*h + 69. What are the prime factors of b(-23)?
23, 47
Let p(a) be the first derivative of 3*a**3 + a**2/2 - 15. List the prime factors of p(2).
2, 19
Let u = -449 - -570. List the prime factors of u.
11
Let r = -4 - -8. Let b be -15 - -20 - (-43 - -1). Suppose -3*h - b = -r*h. What are the prime factors of h?
47
Let g be -199 - (-7)/(28/8). Let c = g + 442. What are the prime factors of c?
5, 7
Suppose 0 = -0*k - 5*k + 20. Suppose 2*s - 117 = -5*c, -5*s + c - k*c + 321 = 0. List the prime factors of s.
2, 3, 11
Suppose -23*v = -25*v + 32. What are the prime factors of (-105)/(((-2)/v)/(7/42))?
2, 5, 7
Suppose -4*b - 76 = 32. Let l = b + 42. What are the prime factors of l?
3, 5
Suppose 0*t - 2*t = -98. Suppose 5 = 2*k - t. What are the prime factors of k?
3
Suppose -2*q - 3*w - 1484 = -3*q, -3*q + 4504 = 4*w. List the prime factors of q.
2, 11, 17
Let t = 40 - 48. Let n(w) = -w**2 - 20*w - 15. What are the prime factors of n(t)?
3
Let s(o) be the first derivative of o**6/360 + o**5/30 - 13*o**4/24 + 5*o**3/3 - 5. Let a(z) be the third derivative of s(z). List the prime factors of a(-9).
2
Suppose 0 = -z - 3*z - 64. Let w be 5 - (-4)/(z/12). Let j(g) = 3*g**3 - 1. What are the prime factors of j(w)?
23
Let n = -165 - -256. List the prime factors of n.
7, 13
What are the prime factors of (2 - -2)*(-7 + -7 + 328)?
2, 157
List the prime factors of 6*(-14)/(-147) + 3951/7.
5, 113
Suppose -t + 1245 = 2*t + 5*f, 0 = 4*t - f - 1637. Suppose t = -0*z + 2*z + 4*x, 2*z - 404 = 2*x. List the prime factors of z.
7, 29
Let u = -503 + 826. What are the prime factors of u?
17, 19
Suppose -145*o + 140*o + 8640 = 0. What are the prime factors of o?
2, 3
Let w be (-1 + -1 - -4)*1. Suppose 74 = -w*s + 382. What are the prime factors of s?
2, 7, 11
What are the prime factors of (-11)/(-66)*-1*3*-44?
2, 11
Suppose -3*a - 12 = 9. Let w(z) = z + 6. Let c be w(a). What are the prime factors of c - -20*(1 - 0)?
19
Suppose 4*r = -2*y - 2*y + 840, y - 230 = 3*r. Suppose 4*a = -0*a + 3*x + 153, x = -5*a + y. What are the prime factors of a?
2, 3, 7
Let c = -401 - -870. What are the prime factors of c?
7, 67
Let x(a) = -a - 12. Let i = -25 + 16. Let n be x(i). Let q(j) = 4*j**2 + j + 6. What are the prime factors of q(n)?
3, 13
Let w = 35 - -260. Let b = 501 - w. What are the prime factors of b?
2, 103
Let z = 14 - 13. Let a(n) = 92*n + 1. Let g be a(z). Suppose -3*y = 5*o - 155, o - 3*y = 4*o - g. What are the prime factors of o?
31
Suppose 2*f = 6*f. Suppose -3 = -3*n - f. Suppose -n = -g + 6. What are the prime factors of g?
7
Suppose r + b + 4*b = 2435, 0 = b - 4. List the prime factors of r.
3, 5, 7, 23
Suppose -4*p + 3*d + 4 = -30, 3*d = -p + 1. Suppose 0 = p*y - 1694 + 329. What are the prime factors of y?
3, 5, 13
Let r = 17 - 36. Let b = r + 32. List the prime factors of b.
13
Suppose 0 = -4*x + 98 - 78. Suppose 5*v + 134 - x = 4*c, -2*v - 2 = 0. List the prime factors of c.
31
Suppose 15*m - 17*m - 514 = -3*f, 5*f - 848 = -m. What are the prime factors of f?
2, 5, 17
Let q = 207 + -121. List the prime factors of (q/4)/(1/2).
43
Let x = -1303 + 1873. List the prime factors of x.
2, 3, 5, 19
Let p(t) be the third derivative of 0 + 6*t**2 + 0*t - 3/8*t**4 - 1/6*t**3. What are the prime factors of p(-6)?
53
Let t(s) = 464*s**3 + 2*s + 13. What are the prime factors of t(2)?
3, 11, 113
Let p = 690 + -451. Suppose -2*s + 0*s = -10. Suppose -3*k = k - s*o - p, 5*k - 5*o = 305. What are the prime factors of k?
2, 3, 11
Let r = -2508 - -5057. What are the prime factors of r?
2549
What are the prime factors of ((3 - 17) + 2)/((-2)/24)?
2, 3
Let p be (10/(-4) + 1)*4. Let a(m) be the second derivative of -m**5/20 - m**4/2 - 2*m**3/3 + 7*m**2/2 + 104*m. What are the prime factors of a(p)?
31
Suppose -2*r + 10 = 6. Suppose -4*a = r*g - 12, -5*g = -0*a + 3*a - 9. List the prime factors of 75/9*3 + a.
2, 7
Let a = 197 + -19. List the prime factors of a.
2, 89
Let v = 274 + 201. What are the prime factors of v?
5, 19
Let y(v) = 5*v**2 + 3*v + 34. What are the prime factors of y(-6)?
2, 7
Let w = -28 - -32. Suppose 2*r = -3*b + 135, w*r - 135 - 114 = b. What are the prime factors of 6*(-1 + r/6)?
3, 19
Let b = 187 - 103. Suppose 5*h - b = h. List the prime factors of h + (2 - 6/3).
3, 7
Let x = 15 - 15. Let t = 18 + x. What are the prime factors of t?
2, 3
Let i = 23 - 18. Suppose 0 = i*p - 3*p - 104. List the prime factors of p.
2, 13
Let w be 4/6*(-6)/2. What are the prime factors of 460/8 - w/(-4)?
3, 19
Let n(f) = -17*f - 5. Suppose 40 - 10 = 2*p. Let a be ((-24)/p + 2)*-10. List the prime factors of n(a).
3, 7
Let c = -114 + 194. Let l be (-934)/(-16) - 30/c. Suppose -7 + l = m. What are the prime factors of m?
3, 17
List the prime factors of (12/45)/(2/895)*3.
2, 179
Let b = -1 + -12. Let d = b + 13. Suppose d*h + 25 = h. What are the prime factors of h?
5
Let o be ((-102)/(-2))/(6/4 - 1). Suppose 5*i + y = 13, 4*y + 10 = 2*i + 2*y. Suppose 5*z - o = -i*g, 0 + 6 = 2*z. List the prime factors of g.
29
Let d = 21 - -16. Let j = 216 - d. List the prime factors of j.
179
Suppose 4*f + 4*s + 10 - 78 = 0, -3*s = 0. Suppose 4*k - f = -1, -2*k - 592 = -4*t. List the prime factors of t.
2, 3, 5
Suppose -2*y + 4*y - 2*r - 124 = 0, y - 47 = -2*r. Let b = 246 + y. List the prime factors of b.
3, 101
Suppose -x + 0 = -6. Let u = 40 - x. What are the prime factors of u?
2, 17
Suppose 0*z - 4*z + 224 = -4*g, 3*g + 5*z = -184. Let l = g + 241. What are the prime factors of l?
3, 61
Let z(a) = 2*a + 4*a - a - 4*a + 11. List the prime factors of z(-3).
2
Let g(f) = -11*f + 3. Let m(j) = -10*j + 3. Let a(k) = 3*g(k) - 2*m(k). Li